digit of 1222?
1
What is the tens digit of 1368?
6
What is the hundreds digit of 783?
7
What is the units digit of 28181?
1
What is the thousands digit of 2725?
2
What is the ten thousands digit of 54529?
5
What is the tens digit of 1118?
1
What is the hundreds digit of 1715?
7
What is the units digit of 2743?
3
What is the thousands digit of 116982?
6
What is the hundreds digit of 65833?
8
What is the tens digit of 37?
3
What is the thousands digit of 1365?
1
What is the ten thousands digit of 16752?
1
What is the units digit of 96?
6
What is the tens digit of 6286?
8
What is the hundreds digit of 23285?
2
What is the hundreds digit of 5187?
1
What is the thousands digit of 23409?
3
What is the tens digit of 94?
9
What is the units digit of 89345?
5
What is the hundreds digit of 7223?
2
What is the units digit of 2233?
3
What is the units digit of 21811?
1
What is the thousands digit of 4539?
4
What is the hundreds digit of 3434?
4
What is the ten thousands digit of 27856?
2
What is the hundreds digit of 1134?
1
What is the thousands digit of 4671?
4
What is the units digit of 76?
6
What is the thousands digit of 2564?
2
What is the hundreds digit of 207?
2
What is the tens digit of 3855?
5
What is the units digit of 1272?
2
What is the hundreds digit of 1475?
4
What is the units digit of 2827?
7
What is the units digit of 42?
2
What is the units digit of 990?
0
What is the ten thousands digit of 11182?
1
What is the tens digit of 3278?
7
What is the units digit of 131135?
5
What is the tens digit of 2907?
0
What is the tens digit of 13810?
1
What is the units digit of 32059?
9
What is the units digit of 2816?
6
What is the hundreds digit of 22889?
8
What is the tens digit of 32903?
0
What is the thousands digit of 1113?
1
What is the hundreds digit of 106134?
1
What is the units digit of 2214?
4
What is the tens digit of 4307?
0
What is the hundreds digit of 7103?
1
What is the units digit of 17137?
7
What is the tens digit of 1414?
1
What is the hundreds digit of 144?
1
What is the ten thousands digit of 34191?
3
What is the thousands digit of 4370?
4
What is the thousands digit of 23487?
3
What is the hundreds digit of 38674?
6
What is the tens digit of 279?
7
What is the thousands digit of 2174?
2
What is the units digit of 4054?
4
What is the hundreds digit of 1359?
3
What is the units digit of 56894?
4
What is the hundreds digit of 1186?
1
What is the thousands digit of 16356?
6
What is the tens digit of 49283?
8
What is the units digit of 1832?
2
What is the hundreds digit of 233?
2
What is the units digit of 36389?
9
What is the thousands digit of 1767?
1
What is the tens digit of 32581?
8
What is the ten thousands digit of 45595?
4
What is the hundreds digit of 58784?
7
What is the hundreds digit of 28578?
5
What is the hundreds digit of 15948?
9
What is the thousands digit of 9691?
9
What is the thousands digit of 1677?
1
What is the units digit of 446?
6
What is the thousands digit of 20125?
0
What is the units digit of 99514?
4
What is the thousands digit of 1015?
1
What is the units digit of 6444?
4
What is the tens digit of 11444?
4
What is the units digit of 4648?
8
What is the thousands digit of 1029?
1
What is the units digit of 8837?
7
What is the thousands digit of 3208?
3
What is the tens digit of 4040?
4
What is the units digit of 1060?
0
What is the thousands digit of 35213?
5
What is the units digit of 4036?
6
What is the units digit of 5146?
6
What is the ten thousands digit of 25312?
2
What is the thousands digit of 48631?
8
What is the thousands digit of 1469?
1
What is the hundreds digit of 7204?
2
What is the hundreds digit of 8081?
0
What is the ten thousands digit of 23621?
2
What is the ten thousands digit of 79454?
7
What is the tens digit of 9152?
5
What is the ten thousands digit of 28705?
2
What is the thousands digit of 75099?
5
What is the tens digit of 150?
5
What is the hundreds digit of 12935?
9
What is the hundreds digit of 198?
1
What is the thousands digit of 4329?
4
What is the hundreds digit of 2727?
7
What is the thousands digit of 27341?
7
What is the ten thousands digit of 31421?
3
What is the tens digit of 31178?
7
What is the thousands digit of 4527?
4
What is the hundreds digit of 58383?
3
What is the hundreds digit of 1385?
3
What is the hundreds digit of 3964?
9
What is the tens digit of 95?
9
What is the thousands digit of 2186?
2
What is the units digit of 4170?
0
What is the hundreds digit of 1099?
0
What is the units digit of 6397?
7
What is the tens digit of 752?
5
What is the thousands digit of 55119?
5
What is the tens digit of 4909?
0
What is the tens digit of 4605?
0
What is the hundreds digit of 4913?
9
What is the thousands digit of 1469?
1
What is the units digit of 966?
6
What is the hundred thousands digit of 119879?
1
What is the units digit of 191?
1
What is the thousands digit of 13149?
3
What is the hundreds digit of 3394?
3
What is the units digit of 554?
4
What is the thousands digit of 55548?
5
What is the thousands digit of 23716?
3
What is the units digit of 14882?
2
What is the tens digit of 583?
8
What is the units digit of 165?
5
What is the thousands digit of 1145?
1
What is the hundreds digit of 4712?
7
What is the units digit of 186?
6
What is the thousands digit of 25113?
5
What is the tens digit of 34558?
5
What is the ten thousands digit of 80523?
8
What is the tens digit of 843?
4
What is the ten thousands digit of 75746?
7
What is the units digit of 14625?
5
What is the hundreds digit of 249?
2
What is the units digit of 328?
8
What is the ten thousands digit of 82563?
8
What is the tens digit of 25665?
6
What is the tens digit of 2283?
8
What is the thousands digit of 29946?
9
What is the hundreds digit of 718?
7
What is the thousands digit of 13335?
3
What is the tens digit of 2244?
4
What is the hundreds digit of 1972?
9
What is the units digit of 5538?
8
What is the hundreds digit of 3356?
3
What is the thousands digit of 17407?
7
What is the ten thousands digit of 63539?
6
What is the hundreds digit of 620?
6
What is the units digit of 6413?
3
What is the thousands digit of 3005?
3
What is the units digit of 31715?
5
What is the thousands digit of 18462?
8
What is the units digit of 15038?
8
What is the tens digit of 97460?
6
What is the units digit of 2192?
2
What is the hundreds digit of 1318?
3
What is the units digit of 2701?
1
What is the ten thousands digit of 61078?
6
What is the units digit of 374?
4
What is the thousands digit of 5746?
5
What is the tens digit of 18785?
8
What is the units digit of 3916?
6
What is the hundreds digit of 12340?
3
What is the hundreds digit of 341?
3
What is the units digit of 67379?
9
What is the thousands digit of 3503?
3
What is the hundreds digit of 4998?
9
What is the ten thousands digit of 11259?
1
What is the tens digit of 468?
6
What is the tens digit of 3319?
1
What is the units digit of 427?
7
What is the tens digit of 25105?
0
What is the tens digit of 27227?
2
What is the thousands digit of 7737?
7
What is the hundreds digit of 4969?
9
What is the units digit of 13518?
8
What is the units digit of 366?
6
What is the thousands digit of 35072?
5
What is the tens digit of 54373?
7
What is the hundreds digit of 129?
1
What is the tens digit of 9649?
4
What is the hundreds digit of 203?
2
What is the units digit of 8427?
7
What is the hundred thousands digit of 110138?
1
What is the thousands digit of 11599?
1
What is the thousands digit of 31367?
1
What is the thousands digit of 3358?
3
What is the tens digit of 6431?
3
What is the thousands digit of 5638?
5
What is the units digit of 60576?
6
What is the hundreds digit of 3474?
4
What is the hundreds digit of 649?
6
What is the thousands digit of 1572?
1
What is the hundreds digit of 415?
4
What is the units digit of 2166?
6
What is the units digit of 6199?
9
What is the thousands digit of 61656?
1
What is the hundreds digit of 63298?
2
What is the units digit of 3032?
2
What is the units digit of 10180?
0
What is the thousands digit of 56969?
6
What is the tens digit of 6007?
0
What is the thousands digit of 60584?
0
What is the tens digit of 2831?
3
What is the hundreds digit of 40902?
9
What is the thousands digit of 2344?
2
What is the hundreds 